) to base 3.
1220
Convert -2 (base 7) to base 16.
-2
Convert 102 (base 4) to base 16.
12
Convert -127 (base 10) to base 4.
-1333
What is 17 (base 15) in base 3?
211
Convert 1001 (base 2) to base 15.
9
What is -1100 (base 2) in base 6?
-20
What is -142 (base 11) in base 8?
-247
Convert 10 (base 2) to base 16.
2
Convert 1 (base 6) to base 11.
1
-8 (base 16) to base 10
-8
What is 62 (base 13) in base 12?
68
-2a (base 13) to base 12
-30
-1 (base 4) to base 11
-1
3 (base 9) to base 5
3
-22 (base 15) to base 3
-1012
Convert 0 (base 2) to base 16.
0
-14 (base 11) to base 16
-f
Convert -b (base 15) to base 3.
-102
-14 (base 10) to base 16
-e
a (base 13) to base 10
10
Convert -430 (base 6) to base 3.
-20000
5 (base 7) to base 9
5
Convert 41 (base 5) to base 11.
1a
-7 (base 16) to base 5
-12
-5 (base 16) to base 13
-5
What is -1 (base 3) in base 11?
-1
What is -29 (base 13) in base 9?
-38
-1 (base 2) to base 6
-1
-120 (base 4) to base 2
-11000
What is 0 (base 16) in base 13?
0
What is -132 (base 4) in base 16?
-1e
Convert 6 (base 11) to base 3.
20
Convert 7 (base 14) to base 13.
7
Convert -1 (base 6) to base 15.
-1
-5 (base 13) to base 9
-5
What is 78 (base 16) in base 7?
231
5 (base 15) to base 14
5
-51 (base 7) to base 10
-36
What is 6a (base 14) in base 9?
114
Convert 1 (base 4) to base 15.
1
-24 (base 6) to base 5
-31
Convert -4 (base 5) to base 16.
-4
5 (base 10) to base 5
10
Convert -34 (base 9) to base 10.
-31
What is -16 (base 7) in base 9?
-14
What is 5 (base 11) in base 15?
5
10 (base 4) to base 14
4
What is -4 (base 15) in base 16?
-4
-1130 (base 6) to base 15
-130
-5 (base 15) to base 14
-5
Convert -3 (base 5) to base 11.
-3
What is 2 (base 5) in base 10?
2
Convert 0 (base 4) to base 13.
0
3 (base 16) to base 3
10
What is -22 (base 4) in base 3?
-101
What is -8a (base 16) in base 11?
-116
What is 1 (base 3) in base 8?
1
Convert 4 (base 15) to base 7.
4
Convert -9 (base 14) to base 8.
-11
-22 (base 7) to base 2
-10000
What is -10 (base 13) in base 10?
-13
What is -78 (base 10) in base 3?
-2220
157 (base 15) to base 11
25a
Convert -3 (base 4) to base 10.
-3
What is 31 (base 5) in base 12?
14
560 (base 8) to base 6
1412
What is -3 (base 16) in base 3?
-10
-3 (base 4) to base 15
-3
What is -31 (base 8) in base 16?
-19
-4 (base 6) to base 4
-10
What is 0 (base 2) in base 8?
0
What is -11 (base 2) in base 13?
-3
Convert -103 (base 9) to base 16.
-54
Convert -12 (base 8) to base 9.
-11
-115 (base 6) to base 15
-32
Convert -107 (base 12) to base 8.
-227
1 (base 10) to base 12
1
Convert -544 (base 7) to base 4.
-10111
Convert -2 (base 16) to base 11.
-2
Convert -1113 (base 6) to base 12.
-199
What is -304 (base 12) in base 4?
-12310
147 (base 11) to base 4
2230
-6 (base 7) to base 3
-20
Convert -38 (base 14) to base 15.
-35
What is -3 (base 15) in base 13?
-3
34 (base 6) to base 5
42
What is 9 (base 12) in base 3?
100
Convert 35 (base 8) to base 14.
21
What is 265 (base 12) in base 8?
555
What is 37 (base 13) in base 10?
46
2 (base 11) to base 2
10
Convert 204 (base 7) to base 12.
86
Convert -3 (base 13) to base 5.
-3
2 (base 11) to base 7
2
What is 13 (base 4) in base 5?
12
What is 110101 (base 2) in base 9?
58
-11 (base 3) to base 2
-100
What is -2212 (base 3) in base 13?
-5c
-2 (base 6) to base 2
-10
Convert 4 (base 16) to base 6.
4
What is 6 (base 16) in base 12?
6
-3 (base 12) to base 13
-3
10 (base 2) to base 15
2
Convert 41 (base 12) to base 6.
121
Convert 4 (base 10) to base 12.
4
What is -23 (base 12) in base 9?
-30
Convert 295 (base 11) to base 13.
208
What is -122 (base 3) in base 5?
-32
Convert 3 (base 13) to base 15.
3
What is -14 (base 8) in base 4?
-30
Convert -13 (base 4) to base 12.
-7
3 (base 12) to base 2
11
18 (base 13) to base 3
210
Convert a (base 16) to base 6.
14
Convert -2121 (base 5) to base 9.
-347
Convert -4 (base 16) to base 13.
-4
55 (base 7) to base 3
1111
Convert -12 (base 9) to base 4.
-23
What is -223 (base 8) in base 13?
-b4
Convert -38 (base 10) to base 15.
-28
What is -101 (base 5) in base 9?
-28
Convert 3 (base 6) to base 11.
3
12 (base 4) to base 10
6
Convert -3 (base 9) to base 11.
-3
-31 (base 4) to base 15
-d
-7 (base 10) to base 12
-7
Convert 1 (base 9) to base 5.
1
What is 32 (base 4) in base 2?
1110
-7 (base 15) to base 6
-11
Convert -42 (base 6) to base 14.
-1c
-101101011 (base 2) to base 13
-21c
What is b (base 14) in base 2?
1011
What is 1 (base 16) in base 14?
1
-43 (base 11) to base 3
-1202
55 (base 11) to base 8
74
What is 6 (base 15) in base 2?
110
What is -40 (base 5) in base 16?
-14
-1110001 (base 2) to base 5
-423
78 (base 15) to base 4
1301
What is 312 (base 5) in base 7?
145
Convert 46 (base 15) to base 8.
102
Convert 5c (base 13) to base 8.
115
Convert 1200 (base 3) to base 15.
30
Convert -13 (base 4) to base 15.
-7
-8 (base 12) to base 4
-20
Convert e (base 15) to base 9.
15
Convert 7 (base 13) to base 5.
12
Convert -26 (base 7) to base 6.
-32
2 (base 10) to base 8
2
16 (base 8) to base 4
32
Convert 6 (base 14) to base 5.
11
What is -110010 (base 3) in base 8?
-507
What is -3 (base 8) in base 6?
-3
Convert -2a (base 11) to base 14.
-24
Convert -11 (base 4) to base 7.
-5
Convert -27 (base 10) to base 2.
-11011
Convert -101 (base 2) to base 14.
-5
What is b (base 14) in base 10?
11
Convert 2 (base 13) to base 8.
2
6 (base 12) to base 2
110
-12 (base 6) to base 2
-1000
What is 174 (base 9) in base 11?
125
What is -323 (base 4) in base 10?
-59
What is -11 (base 6) in base 15?
-7
What is -3 (base 14) in base 3?
-10
Convert -33 (base 4) to base 10.
-15
What is -9 (base 12) in base 2?
-1001
111 (base 7) to base 3
2010
Convert 2 (base 9) to base 14.
2
6 (base 7) to base 12
6
100000 (base 2) to base 7
44
-37 (base 11) to base 9
-44
-10 (base 5) to base 12
-5
-60 (base 16) to base 9
-116
Convert 10 (base 13) to base 3.
111
What is -10 (base 3) in base 2?
-11
Convert -74 (base 8) to base 3.
-2020
Convert -2 (base 14) to base 16.
-2
What is 2 (base 12) in base 16?
2
0 (base 12) to base 5
0
What is 100 (base 4) in base 10?
16
Convert 2 (base 15) to base 12.
2
-2021 (base 3) to base 4
-331
What is 5 (base 12) in base 8?
5
What is -1 (base 2) in base 3?
-1
What is b (base 14) in base 6?
15
3a (base 14) to base 9
57
Convert 4 (base 13) to base 2.
100
What is -216 (base 8) in base 5?
-1032
Convert -e (base 15) to base 9.
-15
Convert 0 (base 16) to base 3.
0
-4 (base 13) to base 4
-10
What is 235 (base 8) in base 12?
111
1100 (base 2) to base 5
22
What is 23 (base 8) in base 7?
25
0 (base 4) to base 13
0
What is 1 (base 13) in base 5?
1
Convert -1033 (base 4) to base 3.
-2221
-30 (base 4) to base 12
-10
-100110 (base 2) to base 13
-2c
Convert -1054 (base 6) to base 4.
-3322
1 (base 7) to base 9
1
-100 (base 4) to base 3
-121
-4 (base 14) to base 7
-4
What is 4 (base 5) in base 8?
4
What is 115 (base 7) in base 13?
49
220 (base 13) to base 4
11230
What is -2 (base 16) in base 15?
-2
What is 102 (base 3) in base 11?
10
What is 3 (base 10) in base 2?
11
-36 (base 10) to base 7
-51
What is -29 (base 16) in base 11?
-38
What is -1101101 (base 2) in base 12?
-91
1 (base 7) to base 4
1
-c (base 15) to base 5
-22
5 (base 9) to base 13
5
-163 (base 7) to base 9
-114
What is 25 (base 12) in base 5?
104
Convert -11 (base 10) to base 4.
-23
What is 5 (base 13) in base 14?
5
6 (base 13) to base 15
6
Convert -2011 (base 3) to base 4.
-322
Convert 18 (base 16) to base 3.
220
7 (base 13) to base 11
7
What is -e4 (base 16) in base 9?
-273
1 (base 16) to base 11
1
What is 1 (base 2) in base 13?
1
What is -111 (base 7) in base 11?
-52
What is -5 (base 12) in base 6?
-5
What is -3 (base 13) in base 8?
-3
What is 4 (base 9) in base 11?
4
What is -3 (base 7) in base 9?
-3
Convert -8 (base 15) to base 4.
-20
Convert 1203 (base 4) to base 12.
83
What is 4 (base 7) in base 15?
4
What is -52 (base 11) in base 5?
-212
-103 (base 8) to base 6
-151
What is 2 (base 9) in base 16?
2
Convert -11 (base 12) to base 7.
-16
Convert 37 (base 14) to base 4.
301
0 (base 2) to base 14
0
Convert d (base 14) to base 15.
d
What is -53 (base 16) in base 15?
-58
What is 7 (base 9) in base 3?
21
What is 13 (base 16) in base 7?
25
Convert 1 (base 11) to base 12.
1
What is a (base 15) in base 12?
a
-101 (base 12) to base 10
-145
Convert -6c (base 15) t